/(-2)*(-4)/3. Let x(d) = 13*d**3 + 4*d**2. Let s(o) = w*x(o) - 3*b(o). What is the remainder when 27 is divided by s(-1)?
12
Let z be (44/8)/((-4)/(-16)). Suppose 6*j - 5*j + z = 0. Let i = j - -36. What is the remainder when i is divided by 8?
6
Suppose o - 10 = -0*o. Let a = -7 + o. What is the remainder when 11 is divided by a?
2
Suppose -4*w = -158 + 14. Let u = w - 33. Calculate the remainder when 5 is divided by u.
2
Suppose -3*w + 4 + 59 = 0. Let k(o) = 8*o - 10. Let v(z) = 7*z - 10. Let g(x) = -5*k(x) + 4*v(x). Calculate the remainder when g(-6) is divided by w.
19
Suppose 0 = -3*u - 4*h + 315, 0*u - 4*h - 105 = -u. Calculate the remainder when u is divided by 11.
6
Let j = 3 + -1. Let a(k) = 3*k**3 + 2*k - 3. Suppose -2*t - 3*p = -6*p - 17, t - 12 = 5*p. What is the remainder when a(j) is divided by t?
4
Let s(j) = -11*j**2 + 59*j + 10. Calculate the remainder when 688 is divided by s(5).
28
Suppose -10*t + 9*t + 5 = 0. Suppose 2 = t*h - 3. Calculate the remainder when (-3 - (h - 84)) + 2 is divided by 28.
26
Let l(f) = -f**3 + 44*f**2 - 3*f + 154. Calculate the remainder when 59 is divided by l(44).
15
Suppose -v - 3*h = -6, v + 0*h = -h + 14. Suppose -12 = 2*y - 2*s - 110, 43 = y - 4*s. Calculate the remainder when y is divided by v.
15
Let j(z) = 8*z**2 + z + 4. Suppose -3*r - 5*g = -49, -r + 2*g = 2*r - 35. Calculate the remainder when j(-2) is divided by r.
8
Let p(o) = o**2 - 14*o - 4. Let j be p(5). Let u = -39 - j. Calculate the remainder when ((-17)/(-2))/((-3)/(-6)) is divided by u.
7
Suppose -117 - 1800 = -71*p. Calculate the remainder when 233 is divided by p.
17
Suppose -35 = -2*i + 19. Let z = i - 12. What is the remainder when (-2 - z)/((-3)/3) is divided by 5?
2
Suppose 4*a - 120 = 5*r, 3*r = -3*a + 5*a - 74. Let s = -1 - r. What is the remainder when 107 is divided by s?
26
Let u(q) = q**2 + 10*q - 23. Let c be u(16). Suppose -3*z - 2*k = -130 - 111, k + c = 5*z. What is the remainder when z is divided by 20?
19
Let r(k) = 2*k**2 - 3*k + 2. Let o be r(3). Suppose 2*d + 3*h + o = 0, 0*d + 5*d + 2*h = 0. Let t = d - -4. What is the remainder when 23 is divided by t?
5
Suppose -15*p + 9 + 111 = 0. What is the remainder when p is divided by 3?
2
Suppose 6*h - 20 = 4*h. Let v = h - 0. Calculate the remainder when 78 is divided by v.
8
Let s(l) = -l**2 - 14*l - 15. What is the remainder when s(-10) is divided by (-1 - 0)/((-4)/52)?
12
Let w(i) = 4*i + 246. Calculate the remainder when w(-19) is divided by 81.
8
Let r(x) = 13*x**2 + 10*x + 21. Calculate the remainder when r(-4) is divided by 24.
21
What is the remainder when (-10)/((-1454)/290 - (-10 + 5)) is divided by 13?
10
Suppose 3*g = -s + 24, -6 = 2*g - 0. Suppose -2*a + 3*a - 54 = 0. Suppose -j = -74 - a. What is the remainder when j is divided by s?
29
Let i(r) = r**2 - 2*r + 12. Calculate the remainder when 159 is divided by i(5).
24
Suppose b + 4*b - 55 = 0. Suppose -m = 2*r + 2*m + 2, r - 3*m + 10 = 0. What is the remainder when -86*(r/(-26) - 34/52) is divided by b?
10
What is the remainder when 82/((-91)/(-14) + -6) is divided by 61?
42
Let g = 696 - 589. Calculate the remainder when 225 is divided by g.
11
What is the remainder when 75 is divided by 111/4 + -1 + 42/(-56)?
23
Let d be 33 + 6/(-4)*2. What is the remainder when 1/(-5) + 216/d is divided by 3?
1
Suppose -262 = -3*s + 4*n, -8 + 12 = 2*n. Calculate the remainder when 2427 is divided by s.
87
Suppose 26 - 5 = 2*g - 5*m, -5*m = 15. Suppose 4*a + 2*v + 31 = v, -5*a + g*v = 60. Let l = 21 + a. What is the remainder when l is divided by 8?
4
Let h = 64 + -67. What is the remainder when 34 is divided by -3 - (-2)/((-3)/54*h)?
7
Suppose 5*g - 26 = -0*g - 3*l, -4*l = 4*g - 24. Suppose -6*y + g*y + 34 = 0. Calculate the remainder when 31 is divided by y.
14
Let o(d) = -158*d - 7. Let m(v) = 79*v + 3. Let j(b) = 5*m(b) + 3*o(b). Calculate the remainder when j(-1) is divided by 25.
23
Suppose -2*v = g - 5, 2*v - 6*v = -4*g + 56. Suppose c - 6*c = -2*d + 62, 4*d - 160 = c. Calculate the remainder when d is divided by g.
8
Let q = -885 + 960. Calculate the remainder when q is divided by 48.
27
Let g(q) = -q**2 - 8*q - 10. Let o be g(-4). Let u(s) = 2*s**2 - 7*s - 3. Let h be u(o). Suppose h + 98 = 5*i. Calculate the remainder when 73 is divided by i.
23
Let h(o) = o + 2. Let n be h(2). Suppose -u - n*u = 5*g - 115, 2*u = 2*g - 42. What is the remainder when 4*18 - (66 + -79) is divided by g?
19
Suppose 0 = -1067*t + 1083*t - 5216. What is the remainder when t is divided by 19?
3
Let y(s) = -2*s**3 + 12*s**2 + 2*s - 6. Let j be y(5). Suppose -6*g = j - 174. What is the remainder when 98 is divided by g?
18
What is the remainder when 18 is divided by (7*(-2)/(-7))/((-4)/(-6))?
0
Suppose 2*b = -3*b + 105. Suppose 19*y - 726 = 395. Calculate the remainder when y is divided by b.
17
Suppose 2*f = -0*v + 5*v + 28, -2*v - 16 = -2*f. Let q be 4408/(-44) + v/(-22). Calculate the remainder when 41 is divided by (-4)/14 - q/7.
13
Let u = 249 + 151. Suppose 0 = -5*f - 90 + u. Suppose a - 5*o + 49 = 5*a, 0 = -3*a - 5*o + 33. What is the remainder when f is divided by a?
14
Suppose -5*t - 20 = 0, 156 = 2*m - m - t. What is the remainder when m is divided by 39?
35
Let m(d) = -d**2 - 11*d - 13. Let z = -23 + 20. What is the remainder when 43 is divided by m(z)?
10
Suppose 5902 = 132*q - 12842. What is the remainder when q is divided by 35?
2
Suppose 84 = m - 4*x, 0 = 6*m - 10*m + 4*x + 360. What is the remainder when 168 is divided by m?
76
What is the remainder when 65 is divided by (-2)/13 - 12042/(-702)?
14
Let r be -10*1/(-2)*1. Suppose -70 - 135 = -5*p - 5*a, -r*p + 3*a + 197 = 0. Suppose -p = -3*z - z. What is the remainder when z is divided by 7?
3
Let u = 8 + 5. Let a(n) = -11*n - 5. Suppose 6*f = 5*f - 5. What is the remainder when a(f) is divided by u?
11
Let v be (-2 - 1*-14) + -3. Suppose 0 = 7*b - v*b + 14. What is the remainder when 27 is divided by b?
6
Suppose -6*g = -g - 30. Suppose 2*n - 306 = -4*i, 61*i + 226 = 64*i + 5*n. What is the remainder when i is divided by g?
5
Let w(g) = 11*g**2 + 18*g - 32. Calculate the remainder when w(2) is divided by 9.
3
Let n(k) = k**2 - 4*k + 8. Let p = -20 - -23. Suppose -3 = p*a + 3, c + 2*a = 0. Calculate the remainder when 22 is divided by n(c).
6
Suppose 51*c - 55*c = 3*n - 1301, 0 = 4*c - 4*n - 1280. Calculate the remainder when c is divided by 66.
59
Let n be (-886)/(-18) - (-10)/(-45). Let h = -39 + n. Calculate the remainder when h is divided by 4.
2
Suppose 17*m + 15*m - 2592 = 0. What is the remainder when m is divided by 17?
13
Let u = 1393 + -740. Calculate the remainder when u is divided by 16.
13
Suppose 8*g = 78 + 18. Let w = g - -12. What is the remainder when 47 is divided by w?
23
Let t(a) = -a**3 + 7*a**2 + 3*a + 3. Let f be -3 - (0 + -8 + 4). Let u(h) = 46*h - 1. Calculate the remainder when u(f) is divided by t(7).
21
Suppose 4*j = -5*z + 15 + 2, -j = 2*z - 5. Let f = 37 - -7. Suppose -i + 3*t = -t - 44, j*t = -2*i + f. What is the remainder when 110 is divided by i?
26
Calculate the remainder when -3*((-1426)/18 - (-2)/9) is divided by 49.
41
Let x = -24 + 5. Let c = x - -37. Let z(a) = -54*a**3 - a**2 + a + 1. What is the remainder when z(-1) is divided by c?
17
Suppose -k + 162 = 2*h + h, 0 = 4*h - 5*k - 216. Suppose 5*r = 4*p + h - 143, -4*r = 3*p - 90. What is the remainder when p is divided by 19?
7
Suppose -3*i - 110 = -8*i. Suppose 0 = 5*z - 4*z - 4*s + 1, -4*z - 2*s = -14. What is the remainder when i is divided by 3/((-36)/8) + 20/z?
4
Suppose -12 = 3*h - 75. Let o = -86 - -61. Let m = 36 + o. Calculate the remainder when h is divided by m.
10
Suppose -3422 = -30*i + 1228. Calculate the remainder when i is divided by 6.
5
Let n(f) = f**2 - 19*f + 21 + 0*f + 12. What is the remainder when 224 is divided by n(18)?
14
Let z(k) = -k**3 - 8*k**2 - 2*k + 7. Let c = -15 - -13. Let b be (4 - 10)/c - 11. What is the remainder when z(b) is divided by 13?
10
Suppose -3 = 4*a - 5*a + g, 2 = 2*g. Suppose -j + 185 = 5*o + 46, -3*j + 120 = a*o. Calculate the remainder when 71 is divided by o.
17
Let r(x) = -x**3 - x**2 + x - 1. Let b(d) = -4*d**3 - 15*d**2 + 5*d + 4. Let l(h) = b(h) - 5*r(h). Calculate the remainder when l(10) is divided by 3.
0
Suppos